[INFO] cloning repository https://github.com/dannyn/fractal
[INFO] running `Command { std: "git" "-c" "credential.helper=" "-c" "credential.helper=/workspace/cargo-home/bin/git-credential-null" "clone" "--bare" "https://github.com/dannyn/fractal" "/workspace/cache/git-repos/https%3A%2F%2Fgithub.com%2Fdannyn%2Ffractal", kill_on_drop: false }`
[INFO] [stderr] Cloning into bare repository '/workspace/cache/git-repos/https%3A%2F%2Fgithub.com%2Fdannyn%2Ffractal'...
[INFO] running `Command { std: "git" "rev-parse" "HEAD", kill_on_drop: false }`
[INFO] [stdout] 9946d144acb822a9d2a0ba9d353a5ff9a3570a35
[INFO] checking dannyn/fractal against try#72f88fc4e9458f89516a0b8b0868f3718aec5b47 for pr-74989
[INFO] running `Command { std: "git" "clone" "/workspace/cache/git-repos/https%3A%2F%2Fgithub.com%2Fdannyn%2Ffractal" "/workspace/builds/worker-2/source", kill_on_drop: false }`
[INFO] [stderr] Cloning into '/workspace/builds/worker-2/source'...
[INFO] [stderr] done.
[INFO] validating manifest of git repo https://github.com/dannyn/fractal on toolchain 72f88fc4e9458f89516a0b8b0868f3718aec5b47
[INFO] running `Command { std: "/workspace/cargo-home/bin/cargo" "+72f88fc4e9458f89516a0b8b0868f3718aec5b47" "read-manifest" "--manifest-path" "Cargo.toml", kill_on_drop: false }`
[INFO] started tweaking git repo https://github.com/dannyn/fractal
[INFO] finished tweaking git repo https://github.com/dannyn/fractal
[INFO] tweaked toml for git repo https://github.com/dannyn/fractal written to /workspace/builds/worker-2/source/Cargo.toml
[INFO] crate git repo https://github.com/dannyn/fractal already has a lockfile, it will not be regenerated
[INFO] running `Command { std: "/workspace/cargo-home/bin/cargo" "+72f88fc4e9458f89516a0b8b0868f3718aec5b47" "fetch" "--locked" "--manifest-path" "Cargo.toml", kill_on_drop: false }`
[INFO] [stderr] error: the lock file /workspace/builds/worker-2/source/Cargo.lock needs to be updated but --locked was passed to prevent this
[INFO] [stderr] If you want to try to generate the lock file without accessing the network, use the --offline flag.
[INFO] the lockfile is outdated, regenerating it
[INFO] running `Command { std: "/workspace/cargo-home/bin/cargo" "+72f88fc4e9458f89516a0b8b0868f3718aec5b47" "generate-lockfile" "--manifest-path" "Cargo.toml" "-Zno-index-update", kill_on_drop: false }`
[INFO] [stderr]     Blocking waiting for file lock on package cache
[INFO] running `Command { std: "/workspace/cargo-home/bin/cargo" "+72f88fc4e9458f89516a0b8b0868f3718aec5b47" "fetch" "--locked" "--manifest-path" "Cargo.toml", kill_on_drop: false }`
[INFO] [stderr]     Blocking waiting for file lock on package cache
[INFO] [stderr]     Blocking waiting for file lock on package cache
[INFO] [stderr]  Downloading crates ...
[INFO] [stderr]   Downloaded takeable-option v0.5.0
[INFO] [stderr]   Downloaded glium v0.27.0
[INFO] running `Command { std: "docker" "create" "-v" "/var/lib/crater-agent-workspace/builds/worker-2/target:/opt/rustwide/target:rw,Z" "-v" "/var/lib/crater-agent-workspace/builds/worker-2/source:/opt/rustwide/workdir:ro,Z" "-v" "/var/lib/crater-agent-workspace/cargo-home:/opt/rustwide/cargo-home:ro,Z" "-v" "/var/lib/crater-agent-workspace/rustup-home:/opt/rustwide/rustup-home:ro,Z" "-e" "SOURCE_DIR=/opt/rustwide/workdir" "-e" "CARGO_TARGET_DIR=/opt/rustwide/target" "-e" "CARGO_HOME=/opt/rustwide/cargo-home" "-e" "RUSTUP_HOME=/opt/rustwide/rustup-home" "-w" "/opt/rustwide/workdir" "-m" "1610612736" "--user" "0:0" "--network" "none" "rustops/crates-build-env@sha256:d92eaeed33fa75130ca1ee6c8a01d1ffb62bac859dfdfb3450e3e5d1c0146529" "/opt/rustwide/cargo-home/bin/cargo" "+72f88fc4e9458f89516a0b8b0868f3718aec5b47" "metadata" "--no-deps" "--format-version=1", kill_on_drop: false }`
[INFO] [stdout] 8b3f58f35fa70782bfc0dd5ac1e8172ebe0f9ed39365b322fea2068d8397eebc
[INFO] [stderr] WARNING: Your kernel does not support swap limit capabilities or the cgroup is not mounted. Memory limited without swap.
[INFO] running `Command { std: "docker" "start" "-a" "8b3f58f35fa70782bfc0dd5ac1e8172ebe0f9ed39365b322fea2068d8397eebc", kill_on_drop: false }`
[INFO] running `Command { std: "docker" "inspect" "8b3f58f35fa70782bfc0dd5ac1e8172ebe0f9ed39365b322fea2068d8397eebc", kill_on_drop: false }`
[INFO] running `Command { std: "docker" "rm" "-f" "8b3f58f35fa70782bfc0dd5ac1e8172ebe0f9ed39365b322fea2068d8397eebc", kill_on_drop: false }`
[INFO] [stdout] 8b3f58f35fa70782bfc0dd5ac1e8172ebe0f9ed39365b322fea2068d8397eebc
[INFO] running `Command { std: "docker" "create" "-v" "/var/lib/crater-agent-workspace/builds/worker-2/target:/opt/rustwide/target:rw,Z" "-v" "/var/lib/crater-agent-workspace/builds/worker-2/source:/opt/rustwide/workdir:ro,Z" "-v" "/var/lib/crater-agent-workspace/cargo-home:/opt/rustwide/cargo-home:ro,Z" "-v" "/var/lib/crater-agent-workspace/rustup-home:/opt/rustwide/rustup-home:ro,Z" "-e" "SOURCE_DIR=/opt/rustwide/workdir" "-e" "CARGO_TARGET_DIR=/opt/rustwide/target" "-e" "CARGO_INCREMENTAL=0" "-e" "RUST_BACKTRACE=full" "-e" "RUSTFLAGS=--cap-lints=forbid" "-e" "CARGO_HOME=/opt/rustwide/cargo-home" "-e" "RUSTUP_HOME=/opt/rustwide/rustup-home" "-w" "/opt/rustwide/workdir" "-m" "1610612736" "--user" "0:0" "--network" "none" "rustops/crates-build-env@sha256:d92eaeed33fa75130ca1ee6c8a01d1ffb62bac859dfdfb3450e3e5d1c0146529" "/opt/rustwide/cargo-home/bin/cargo" "+72f88fc4e9458f89516a0b8b0868f3718aec5b47" "check" "--frozen" "--all" "--all-targets" "--message-format=json", kill_on_drop: false }`
[INFO] [stdout] 3f0a24cd77a54c4404f9b0da5564c804fb24149e9a5aedc49ec4e560cddcbf2b
[INFO] [stderr] WARNING: Your kernel does not support swap limit capabilities or the cgroup is not mounted. Memory limited without swap.
[INFO] running `Command { std: "docker" "start" "-a" "3f0a24cd77a54c4404f9b0da5564c804fb24149e9a5aedc49ec4e560cddcbf2b", kill_on_drop: false }`
[INFO] [stderr]    Compiling libc v0.2.77
[INFO] [stderr]    Compiling autocfg v1.0.1
[INFO] [stderr]    Compiling proc-macro2 v0.4.30
[INFO] [stderr]    Compiling unicode-xid v0.1.0
[INFO] [stderr]    Compiling khronos_api v3.1.0
[INFO] [stderr]    Compiling cfg-if v0.1.10
[INFO] [stderr]    Compiling libloading v0.6.3
[INFO] [stderr]    Compiling nix v0.14.1
[INFO] [stderr]     Checking slab v0.4.2
[INFO] [stderr]     Checking void v1.0.2
[INFO] [stderr]     Checking lazycell v1.3.0
[INFO] [stderr]    Compiling pkg-config v0.3.18
[INFO] [stderr]     Checking same-file v1.0.6
[INFO] [stderr]     Checking downcast-rs v1.2.0
[INFO] [stderr]     Checking scopeguard v1.1.0
[INFO] [stderr]     Checking xdg v2.2.0
[INFO] [stderr]     Checking smallvec v1.4.2
[INFO] [stderr]    Compiling cc v1.0.59
[INFO] [stderr]     Checking instant v0.1.6
[INFO] [stderr]     Checking gimli v0.22.0
[INFO] [stderr]     Checking adler v0.2.3
[INFO] [stderr]     Checking percent-encoding v2.1.0
[INFO] [stderr]     Checking object v0.20.0
[INFO] [stderr]     Checking rustc-demangle v0.1.16
[INFO] [stderr]     Checking fnv v1.0.7
[INFO] [stderr]     Checking takeable-option v0.5.0
[INFO] [stderr]     Checking lock_api v0.3.4
[INFO] [stderr]     Checking walkdir v2.3.1
[INFO] [stderr]    Compiling log v0.4.11
[INFO] [stderr]     Checking byteorder v1.3.4
[INFO] [stderr]    Compiling num-traits v0.2.12
[INFO] [stderr]    Compiling miniz_oxide v0.4.2
[INFO] [stderr]    Compiling memoffset v0.5.5
[INFO] [stderr]    Compiling x11-dl v2.18.5
[INFO] [stderr]     Checking stb_truetype v0.3.1
[INFO] [stderr]     Checking dlib v0.4.2
[INFO] [stderr]    Compiling gl_generator v0.14.0
[INFO] [stderr]     Checking wayland-sys v0.23.6
[INFO] [stderr]    Compiling quote v0.6.13
[INFO] [stderr]    Compiling libloading v0.5.2
[INFO] [stderr]     Checking iovec v0.1.4
[INFO] [stderr]     Checking net2 v0.2.35
[INFO] [stderr]     Checking parking_lot_core v0.7.2
[INFO] [stderr]     Checking memmap v0.7.0
[INFO] [stderr]     Checking raw-window-handle v0.3.3
[INFO] [stderr]     Checking shared_library v0.1.9
[INFO] [stderr]    Compiling wayland-scanner v0.23.6
[INFO] [stderr]     Checking osmesa-sys v0.1.2
[INFO] [stderr]     Checking parking_lot v0.10.2
[INFO] [stderr]     Checking mio v0.6.22
[INFO] [stderr]    Compiling glutin_egl_sys v0.1.5
[INFO] [stderr]    Compiling glutin_glx_sys v0.1.7
[INFO] [stderr]    Compiling glium v0.27.0
[INFO] [stderr]     Checking ordered-float v1.1.0
[INFO] [stderr]     Checking approx v0.3.2
[INFO] [stderr]     Checking line_drawing v0.7.0
[INFO] [stderr]     Checking mio-extras v2.0.6
[INFO] [stderr]     Checking rusttype v0.8.3
[INFO] [stderr]     Checking addr2line v0.13.0
[INFO] [stderr]     Checking rusttype v0.7.9
[INFO] [stderr]     Checking andrew v0.2.1
[INFO] [stderr]     Checking backtrace v0.3.50
[INFO] [stderr]    Compiling wayland-client v0.23.6
[INFO] [stderr]    Compiling wayland-protocols v0.23.6
[INFO] [stderr]     Checking wayland-commons v0.23.6
[INFO] [stderr]     Checking calloop v0.4.4
[INFO] [stderr]     Checking smithay-client-toolkit v0.6.6
[INFO] [stderr]     Checking winit v0.22.2
[INFO] [stderr]     Checking glutin v0.24.1
[INFO] [stderr]     Checking fractal v0.1.0 (/opt/rustwide/workdir)
[INFO] [stdout] error[E0432]: unresolved import `glium::DisplayBuild`
[INFO] [stdout]   --> src/main.rs:15:17
[INFO] [stdout]    |
[INFO] [stdout] 15 |     use glium::{DisplayBuild, Surface};
[INFO] [stdout]    |                 ^^^^^^^^^^^^ no `DisplayBuild` in the root
[INFO] [stdout] 
[INFO] [stdout] 
[INFO] [stdout] error[E0433]: failed to resolve: could not find `Event` in `glutin`
[INFO] [stdout]   --> src/main.rs:55:32
[INFO] [stdout]    |
[INFO] [stdout] 55 |                 glium::glutin::Event::Closed => return,
[INFO] [stdout]    |                                ^^^^^ could not find `Event` in `glutin`
[INFO] [stdout] 
[INFO] [stdout] 
[INFO] [stdout] error[E0433]: failed to resolve: could not find `Event` in `glutin`
[INFO] [stdout]   --> src/main.rs:56:32
[INFO] [stdout]    |
[INFO] [stdout] 56 | ...   glium::glutin::Event::KeyboardInput(glium::glutin::ElementState::Pressed, _, Some(glium::glutin::VirtualKeyCode::Escape)) => return,
[INFO] [stdout]    |                      ^^^^^ could not find `Event` in `glutin`
[INFO] [stdout] 
[INFO] [stdout] 
[INFO] [stdout] error[E0433]: failed to resolve: could not find `ElementState` in `glutin`
[INFO] [stdout]   --> src/main.rs:56:68
[INFO] [stdout]    |
[INFO] [stdout] 56 | ...   glium::glutin::Event::KeyboardInput(glium::glutin::ElementState::Pressed, _, Some(glium::glutin::VirtualKeyCode::Escape)) => return,
[INFO] [stdout]    |                                                          ^^^^^^^^^^^^ could not find `ElementState` in `glutin`
[INFO] [stdout] 
[INFO] [stdout] 
[INFO] [stdout] error[E0433]: failed to resolve: could not find `VirtualKeyCode` in `glutin`
[INFO] [stdout]   --> src/main.rs:56:114
[INFO] [stdout]    |
[INFO] [stdout] 56 | ...tate::Pressed, _, Some(glium::glutin::VirtualKeyCode::Escape)) => return,
[INFO] [stdout]    |                                          ^^^^^^^^^^^^^^ could not find `VirtualKeyCode` in `glutin`
[INFO] [stdout] 
[INFO] [stdout] 
[INFO] [stdout] error[E0433]: failed to resolve: could not find `Event` in `glutin`
[INFO] [stdout]   --> src/main.rs:57:32
[INFO] [stdout]    |
[INFO] [stdout] 57 | ...   glium::glutin::Event::KeyboardInput(glium::glutin::ElementState::Pressed, _, Some(glium::glutin::VirtualKeyCode::Up)) => y -= 0.1f3...
[INFO] [stdout]    |                      ^^^^^ could not find `Event` in `glutin`
[INFO] [stdout] 
[INFO] [stdout] 
[INFO] [stdout] error[E0433]: failed to resolve: could not find `ElementState` in `glutin`
[INFO] [stdout]   --> src/main.rs:57:68
[INFO] [stdout]    |
[INFO] [stdout] 57 | ...   glium::glutin::Event::KeyboardInput(glium::glutin::ElementState::Pressed, _, Some(glium::glutin::VirtualKeyCode::Up)) => y -= 0.1f3...
[INFO] [stdout]    |                                                          ^^^^^^^^^^^^ could not find `ElementState` in `glutin`
[INFO] [stdout] 
[INFO] [stdout] 
[INFO] [stdout] error[E0433]: failed to resolve: could not find `VirtualKeyCode` in `glutin`
[INFO] [stdout]   --> src/main.rs:57:114
[INFO] [stdout]    |
[INFO] [stdout] 57 | ...tate::Pressed, _, Some(glium::glutin::VirtualKeyCode::Up)) => y -= 0.1f32 * scale,
[INFO] [stdout]    |                                          ^^^^^^^^^^^^^^ could not find `VirtualKeyCode` in `glutin`
[INFO] [stdout] 
[INFO] [stdout] 
[INFO] [stdout] error[E0433]: failed to resolve: could not find `Event` in `glutin`
[INFO] [stdout]   --> src/main.rs:58:32
[INFO] [stdout]    |
[INFO] [stdout] 58 | ...   glium::glutin::Event::KeyboardInput(glium::glutin::ElementState::Pressed, _, Some(glium::glutin::VirtualKeyCode::Down)) => y += 0.1...
[INFO] [stdout]    |                      ^^^^^ could not find `Event` in `glutin`
[INFO] [stdout] 
[INFO] [stdout] 
[INFO] [stdout] error[E0433]: failed to resolve: could not find `ElementState` in `glutin`
[INFO] [stdout]   --> src/main.rs:58:68
[INFO] [stdout]    |
[INFO] [stdout] 58 | ...   glium::glutin::Event::KeyboardInput(glium::glutin::ElementState::Pressed, _, Some(glium::glutin::VirtualKeyCode::Down)) => y += 0.1...
[INFO] [stdout]    |                                                          ^^^^^^^^^^^^ could not find `ElementState` in `glutin`
[INFO] [stdout] 
[INFO] [stdout] 
[INFO] [stdout] error[E0433]: failed to resolve: could not find `VirtualKeyCode` in `glutin`
[INFO] [stdout]   --> src/main.rs:58:114
[INFO] [stdout]    |
[INFO] [stdout] 58 | ...tate::Pressed, _, Some(glium::glutin::VirtualKeyCode::Down)) => y += 0.1f32 * scale,
[INFO] [stdout]    |                                          ^^^^^^^^^^^^^^ could not find `VirtualKeyCode` in `glutin`
[INFO] [stdout] 
[INFO] [stdout] 
[INFO] [stdout] error[E0433]: failed to resolve: could not find `Event` in `glutin`
[INFO] [stdout]   --> src/main.rs:59:32
[INFO] [stdout]    |
[INFO] [stdout] 59 | ...   glium::glutin::Event::KeyboardInput(glium::glutin::ElementState::Pressed, _, Some(glium::glutin::VirtualKeyCode::Left)) => x += 0.1...
[INFO] [stdout]    |                      ^^^^^ could not find `Event` in `glutin`
[INFO] [stdout] 
[INFO] [stdout] 
[INFO] [stdout] error[E0433]: failed to resolve: could not find `ElementState` in `glutin`
[INFO] [stdout]   --> src/main.rs:59:68
[INFO] [stdout]    |
[INFO] [stdout] 59 | ...   glium::glutin::Event::KeyboardInput(glium::glutin::ElementState::Pressed, _, Some(glium::glutin::VirtualKeyCode::Left)) => x += 0.1...
[INFO] [stdout]    |                                                          ^^^^^^^^^^^^ could not find `ElementState` in `glutin`
[INFO] [stdout] 
[INFO] [stdout] 
[INFO] [stdout] error[E0433]: failed to resolve: could not find `VirtualKeyCode` in `glutin`
[INFO] [stdout]   --> src/main.rs:59:114
[INFO] [stdout]    |
[INFO] [stdout] 59 | ...tate::Pressed, _, Some(glium::glutin::VirtualKeyCode::Left)) => x += 0.1f32 * scale,
[INFO] [stdout]    |                                          ^^^^^^^^^^^^^^ could not find `VirtualKeyCode` in `glutin`
[INFO] [stdout] 
[INFO] [stdout] 
[INFO] [stdout] error[E0433]: failed to resolve: could not find `Event` in `glutin`
[INFO] [stdout]   --> src/main.rs:60:32
[INFO] [stdout]    |
[INFO] [stdout] 60 | ...   glium::glutin::Event::KeyboardInput(glium::glutin::ElementState::Pressed, _, Some(glium::glutin::VirtualKeyCode::Right)) => x -=0.1...
[INFO] [stdout]    |                      ^^^^^ could not find `Event` in `glutin`
[INFO] [stdout] 
[INFO] [stdout] 
[INFO] [stdout] error[E0433]: failed to resolve: could not find `ElementState` in `glutin`
[INFO] [stdout]   --> src/main.rs:60:68
[INFO] [stdout]    |
[INFO] [stdout] 60 | ...   glium::glutin::Event::KeyboardInput(glium::glutin::ElementState::Pressed, _, Some(glium::glutin::VirtualKeyCode::Right)) => x -=0.1...
[INFO] [stdout]    |                                                          ^^^^^^^^^^^^ could not find `ElementState` in `glutin`
[INFO] [stdout] 
[INFO] [stdout] 
[INFO] [stdout] error[E0433]: failed to resolve: could not find `VirtualKeyCode` in `glutin`
[INFO] [stdout]   --> src/main.rs:60:114
[INFO] [stdout]    |
[INFO] [stdout] 60 | ...tate::Pressed, _, Some(glium::glutin::VirtualKeyCode::Right)) => x -=0.1f32 * scale,
[INFO] [stdout]    |                                          ^^^^^^^^^^^^^^ could not find `VirtualKeyCode` in `glutin`
[INFO] [stdout] 
[INFO] [stdout] 
[INFO] [stdout] error[E0433]: failed to resolve: could not find `Event` in `glutin`
[INFO] [stdout]   --> src/main.rs:61:32
[INFO] [stdout]    |
[INFO] [stdout] 61 | ...   glium::glutin::Event::KeyboardInput(glium::glutin::ElementState::Pressed, _, Some(glium::glutin::VirtualKeyCode::PageUp)) => iter +...
[INFO] [stdout]    |                      ^^^^^ could not find `Event` in `glutin`
[INFO] [stdout] 
[INFO] [stdout] 
[INFO] [stdout] error[E0433]: failed to resolve: could not find `ElementState` in `glutin`
[INFO] [stdout]   --> src/main.rs:61:68
[INFO] [stdout]    |
[INFO] [stdout] 61 | ...   glium::glutin::Event::KeyboardInput(glium::glutin::ElementState::Pressed, _, Some(glium::glutin::VirtualKeyCode::PageUp)) => iter +...
[INFO] [stdout]    |                                                          ^^^^^^^^^^^^ could not find `ElementState` in `glutin`
[INFO] [stdout] 
[INFO] [stdout] 
[INFO] [stdout] error[E0433]: failed to resolve: could not find `VirtualKeyCode` in `glutin`
[INFO] [stdout]   --> src/main.rs:61:114
[INFO] [stdout]    |
[INFO] [stdout] 61 | ...tate::Pressed, _, Some(glium::glutin::VirtualKeyCode::PageUp)) => iter += 5,
[INFO] [stdout]    |                                          ^^^^^^^^^^^^^^ could not find `VirtualKeyCode` in `glutin`
[INFO] [stdout] 
[INFO] [stdout] 
[INFO] [stdout] error[E0433]: failed to resolve: could not find `Event` in `glutin`
[INFO] [stdout]   --> src/main.rs:62:32
[INFO] [stdout]    |
[INFO] [stdout] 62 | ...   glium::glutin::Event::KeyboardInput(glium::glutin::ElementState::Pressed, _, Some(glium::glutin::VirtualKeyCode::PageDown)) => iter...
[INFO] [stdout]    |                      ^^^^^ could not find `Event` in `glutin`
[INFO] [stdout] 
[INFO] [stdout] 
[INFO] [stdout] error[E0433]: failed to resolve: could not find `ElementState` in `glutin`
[INFO] [stdout]   --> src/main.rs:62:68
[INFO] [stdout]    |
[INFO] [stdout] 62 | ...   glium::glutin::Event::KeyboardInput(glium::glutin::ElementState::Pressed, _, Some(glium::glutin::VirtualKeyCode::PageDown)) => iter...
[INFO] [stdout]    |                                                          ^^^^^^^^^^^^ could not find `ElementState` in `glutin`
[INFO] [stdout] 
[INFO] [stdout] 
[INFO] [stdout] error[E0433]: failed to resolve: could not find `VirtualKeyCode` in `glutin`
[INFO] [stdout]   --> src/main.rs:62:114
[INFO] [stdout]    |
[INFO] [stdout] 62 | ...tate::Pressed, _, Some(glium::glutin::VirtualKeyCode::PageDown)) => iter -= 5,
[INFO] [stdout]    |                                          ^^^^^^^^^^^^^^ could not find `VirtualKeyCode` in `glutin`
[INFO] [stdout] 
[INFO] [stdout] 
[INFO] [stdout] error[E0433]: failed to resolve: could not find `Event` in `glutin`
[INFO] [stdout]   --> src/main.rs:63:32
[INFO] [stdout]    |
[INFO] [stdout] 63 | ...   glium::glutin::Event::KeyboardInput(glium::glutin::ElementState::Pressed, _, Some(glium::glutin::VirtualKeyCode::X)) => scale = sca...
[INFO] [stdout]    |                      ^^^^^ could not find `Event` in `glutin`
[INFO] [stdout] 
[INFO] [stdout] 
[INFO] [stdout] error[E0433]: failed to resolve: could not find `ElementState` in `glutin`
[INFO] [stdout]   --> src/main.rs:63:68
[INFO] [stdout]    |
[INFO] [stdout] 63 | ...   glium::glutin::Event::KeyboardInput(glium::glutin::ElementState::Pressed, _, Some(glium::glutin::VirtualKeyCode::X)) => scale = sca...
[INFO] [stdout]    |                                                          ^^^^^^^^^^^^ could not find `ElementState` in `glutin`
[INFO] [stdout] 
[INFO] [stdout] 
[INFO] [stdout] error[E0433]: failed to resolve: could not find `VirtualKeyCode` in `glutin`
[INFO] [stdout]   --> src/main.rs:63:114
[INFO] [stdout]    |
[INFO] [stdout] 63 | ...tate::Pressed, _, Some(glium::glutin::VirtualKeyCode::X)) => scale = scale * 0.9f32,
[INFO] [stdout]    |                                          ^^^^^^^^^^^^^^ could not find `VirtualKeyCode` in `glutin`
[INFO] [stdout] 
[INFO] [stdout] 
[INFO] [stdout] error[E0433]: failed to resolve: could not find `Event` in `glutin`
[INFO] [stdout]   --> src/main.rs:64:32
[INFO] [stdout]    |
[INFO] [stdout] 64 | ...   glium::glutin::Event::KeyboardInput(glium::glutin::ElementState::Pressed, _, Some(glium::glutin::VirtualKeyCode::Z)) => scale = sca...
[INFO] [stdout]    |                      ^^^^^ could not find `Event` in `glutin`
[INFO] [stdout] 
[INFO] [stdout] 
[INFO] [stdout] error[E0433]: failed to resolve: could not find `ElementState` in `glutin`
[INFO] [stdout]   --> src/main.rs:64:68
[INFO] [stdout]    |
[INFO] [stdout] 64 | ...   glium::glutin::Event::KeyboardInput(glium::glutin::ElementState::Pressed, _, Some(glium::glutin::VirtualKeyCode::Z)) => scale = sca...
[INFO] [stdout]    |                                                          ^^^^^^^^^^^^ could not find `ElementState` in `glutin`
[INFO] [stdout] 
[INFO] [stdout] 
[INFO] [stdout] error[E0433]: failed to resolve: could not find `VirtualKeyCode` in `glutin`
[INFO] [stdout]   --> src/main.rs:64:114
[INFO] [stdout]    |
[INFO] [stdout] 64 | ...tate::Pressed, _, Some(glium::glutin::VirtualKeyCode::Z)) => scale = scale / 0.9f32,
[INFO] [stdout]    |                                          ^^^^^^^^^^^^^^ could not find `VirtualKeyCode` in `glutin`
[INFO] [stdout] 
[INFO] [stdout] 
[INFO] [stdout] error[E0433]: failed to resolve: could not find `WindowBuilder` in `glutin`
[INFO] [stdout]   --> src/main.rs:16:34
[INFO] [stdout]    |
[INFO] [stdout] 16 |     let display = glium::glutin::WindowBuilder::new().build_glium().unwrap();
[INFO] [stdout]    |                                  ^^^^^^^^^^^^^ not found in `glium::glutin`
[INFO] [stdout]    |
[INFO] [stdout] help: consider importing this struct
[INFO] [stdout]    |
[INFO] [stdout] 1  | use glium::glutin::window::WindowBuilder;
[INFO] [stdout]    |
[INFO] [stdout] 
[INFO] [stdout] 
[INFO] [stdout] error[E0432]: unresolved import `glium::DisplayBuild`
[INFO] [stdout]   --> src/main.rs:15:17
[INFO] [stdout]    |
[INFO] [stdout] 15 |     use glium::{DisplayBuild, Surface};
[INFO] [stdout]    |                 ^^^^^^^^^^^^ no `DisplayBuild` in the root
[INFO] [stdout] 
[INFO] [stdout] 
[INFO] [stdout] error[E0433]: failed to resolve: could not find `Event` in `glutin`
[INFO] [stdout]   --> src/main.rs:55:32
[INFO] [stdout]    |
[INFO] [stdout] 55 |                 glium::glutin::Event::Closed => return,
[INFO] [stdout]    |                                ^^^^^ could not find `Event` in `glutin`
[INFO] [stdout] 
[INFO] [stdout] 
[INFO] [stdout] error[E0433]: failed to resolve: could not find `Event` in `glutin`
[INFO] [stdout]   --> src/main.rs:56:32
[INFO] [stdout]    |
[INFO] [stdout] 56 | ...   glium::glutin::Event::KeyboardInput(glium::glutin::ElementState::Pressed, _, Some(glium::glutin::VirtualKeyCode::Escape)) => return,
[INFO] [stdout]    |                      ^^^^^ could not find `Event` in `glutin`
[INFO] [stdout] 
[INFO] [stdout] 
[INFO] [stdout] error[E0433]: failed to resolve: could not find `ElementState` in `glutin`
[INFO] [stdout]   --> src/main.rs:56:68
[INFO] [stdout]    |
[INFO] [stdout] 56 | ...   glium::glutin::Event::KeyboardInput(glium::glutin::ElementState::Pressed, _, Some(glium::glutin::VirtualKeyCode::Escape)) => return,
[INFO] [stdout]    |                                                          ^^^^^^^^^^^^ could not find `ElementState` in `glutin`
[INFO] [stdout] 
[INFO] [stdout] 
[INFO] [stdout] error[E0433]: failed to resolve: could not find `VirtualKeyCode` in `glutin`
[INFO] [stdout]   --> src/main.rs:56:114
[INFO] [stdout]    |
[INFO] [stdout] 56 | ...tate::Pressed, _, Some(glium::glutin::VirtualKeyCode::Escape)) => return,
[INFO] [stdout]    |                                          ^^^^^^^^^^^^^^ could not find `VirtualKeyCode` in `glutin`
[INFO] [stdout] 
[INFO] [stdout] 
[INFO] [stdout] error[E0433]: failed to resolve: could not find `Event` in `glutin`
[INFO] [stdout]   --> src/main.rs:57:32
[INFO] [stdout]    |
[INFO] [stdout] 57 | ...   glium::glutin::Event::KeyboardInput(glium::glutin::ElementState::Pressed, _, Some(glium::glutin::VirtualKeyCode::Up)) => y -= 0.1f3...
[INFO] [stdout]    |                      ^^^^^ could not find `Event` in `glutin`
[INFO] [stdout] 
[INFO] [stdout] 
[INFO] [stdout] error[E0433]: failed to resolve: could not find `ElementState` in `glutin`
[INFO] [stdout]   --> src/main.rs:57:68
[INFO] [stdout]    |
[INFO] [stdout] 57 | ...   glium::glutin::Event::KeyboardInput(glium::glutin::ElementState::Pressed, _, Some(glium::glutin::VirtualKeyCode::Up)) => y -= 0.1f3...
[INFO] [stdout]    |                                                          ^^^^^^^^^^^^ could not find `ElementState` in `glutin`
[INFO] [stdout] 
[INFO] [stdout] 
[INFO] [stdout] error[E0433]: failed to resolve: could not find `VirtualKeyCode` in `glutin`
[INFO] [stdout]   --> src/main.rs:57:114
[INFO] [stdout]    |
[INFO] [stdout] 57 | ...tate::Pressed, _, Some(glium::glutin::VirtualKeyCode::Up)) => y -= 0.1f32 * scale,
[INFO] [stdout]    |                                          ^^^^^^^^^^^^^^ could not find `VirtualKeyCode` in `glutin`
[INFO] [stdout] 
[INFO] [stdout] 
[INFO] [stdout] error[E0433]: failed to resolve: could not find `Event` in `glutin`
[INFO] [stdout]   --> src/main.rs:58:32
[INFO] [stdout]    |
[INFO] [stdout] 58 | ...   glium::glutin::Event::KeyboardInput(glium::glutin::ElementState::Pressed, _, Some(glium::glutin::VirtualKeyCode::Down)) => y += 0.1...
[INFO] [stdout]    |                      ^^^^^ could not find `Event` in `glutin`
[INFO] [stdout] 
[INFO] [stdout] 
[INFO] [stdout] error[E0433]: failed to resolve: could not find `ElementState` in `glutin`
[INFO] [stdout]   --> src/main.rs:58:68
[INFO] [stdout]    |
[INFO] [stdout] 58 | ...   glium::glutin::Event::KeyboardInput(glium::glutin::ElementState::Pressed, _, Some(glium::glutin::VirtualKeyCode::Down)) => y += 0.1...
[INFO] [stdout]    |                                                          ^^^^^^^^^^^^ could not find `ElementState` in `glutin`
[INFO] [stdout] 
[INFO] [stdout] 
[INFO] [stdout] error[E0433]: failed to resolve: could not find `VirtualKeyCode` in `glutin`
[INFO] [stdout]   --> src/main.rs:58:114
[INFO] [stdout]    |
[INFO] [stdout] 58 | ...tate::Pressed, _, Some(glium::glutin::VirtualKeyCode::Down)) => y += 0.1f32 * scale,
[INFO] [stdout]    |                                          ^^^^^^^^^^^^^^ could not find `VirtualKeyCode` in `glutin`
[INFO] [stdout] 
[INFO] [stdout] 
[INFO] [stdout] error[E0433]: failed to resolve: could not find `Event` in `glutin`
[INFO] [stdout]   --> src/main.rs:59:32
[INFO] [stdout]    |
[INFO] [stdout] 59 | ...   glium::glutin::Event::KeyboardInput(glium::glutin::ElementState::Pressed, _, Some(glium::glutin::VirtualKeyCode::Left)) => x += 0.1...
[INFO] [stdout]    |                      ^^^^^ could not find `Event` in `glutin`
[INFO] [stdout] 
[INFO] [stdout] 
[INFO] [stdout] error[E0433]: failed to resolve: could not find `ElementState` in `glutin`
[INFO] [stdout]   --> src/main.rs:59:68
[INFO] [stdout]    |
[INFO] [stdout] 59 | ...   glium::glutin::Event::KeyboardInput(glium::glutin::ElementState::Pressed, _, Some(glium::glutin::VirtualKeyCode::Left)) => x += 0.1...
[INFO] [stdout]    |                                                          ^^^^^^^^^^^^ could not find `ElementState` in `glutin`
[INFO] [stdout] 
[INFO] [stdout] 
[INFO] [stdout] error[E0433]: failed to resolve: could not find `VirtualKeyCode` in `glutin`
[INFO] [stdout]   --> src/main.rs:59:114
[INFO] [stdout]    |
[INFO] [stdout] 59 | ...tate::Pressed, _, Some(glium::glutin::VirtualKeyCode::Left)) => x += 0.1f32 * scale,
[INFO] [stdout]    |                                          ^^^^^^^^^^^^^^ could not find `VirtualKeyCode` in `glutin`
[INFO] [stdout] 
[INFO] [stdout] 
[INFO] [stdout] error[E0433]: failed to resolve: could not find `Event` in `glutin`
[INFO] [stdout]   --> src/main.rs:60:32
[INFO] [stdout]    |
[INFO] [stdout] 60 | ...   glium::glutin::Event::KeyboardInput(glium::glutin::ElementState::Pressed, _, Some(glium::glutin::VirtualKeyCode::Right)) => x -=0.1...
[INFO] [stdout]    |                      ^^^^^ could not find `Event` in `glutin`
[INFO] [stdout] 
[INFO] [stdout] 
[INFO] [stdout] error[E0433]: failed to resolve: could not find `ElementState` in `glutin`
[INFO] [stdout]   --> src/main.rs:60:68
[INFO] [stdout]    |
[INFO] [stdout] 60 | ...   glium::glutin::Event::KeyboardInput(glium::glutin::ElementState::Pressed, _, Some(glium::glutin::VirtualKeyCode::Right)) => x -=0.1...
[INFO] [stdout]    |                                                          ^^^^^^^^^^^^ could not find `ElementState` in `glutin`
[INFO] [stdout] 
[INFO] [stdout] 
[INFO] [stdout] error[E0433]: failed to resolve: could not find `VirtualKeyCode` in `glutin`
[INFO] [stdout]   --> src/main.rs:60:114
[INFO] [stdout]    |
[INFO] [stdout] 60 | ...tate::Pressed, _, Some(glium::glutin::VirtualKeyCode::Right)) => x -=0.1f32 * scale,
[INFO] [stdout]    |                                          ^^^^^^^^^^^^^^ could not find `VirtualKeyCode` in `glutin`
[INFO] [stdout] 
[INFO] [stdout] 
[INFO] [stdout] error[E0433]: failed to resolve: could not find `Event` in `glutin`
[INFO] [stdout]   --> src/main.rs:61:32
[INFO] [stdout]    |
[INFO] [stdout] 61 | ...   glium::glutin::Event::KeyboardInput(glium::glutin::ElementState::Pressed, _, Some(glium::glutin::VirtualKeyCode::PageUp)) => iter +...
[INFO] [stdout]    |                      ^^^^^ could not find `Event` in `glutin`
[INFO] [stdout] 
[INFO] [stdout] 
[INFO] [stdout] error[E0433]: failed to resolve: could not find `ElementState` in `glutin`
[INFO] [stdout]   --> src/main.rs:61:68
[INFO] [stdout]    |
[INFO] [stdout] 61 | ...   glium::glutin::Event::KeyboardInput(glium::glutin::ElementState::Pressed, _, Some(glium::glutin::VirtualKeyCode::PageUp)) => iter +...
[INFO] [stdout]    |                                                          ^^^^^^^^^^^^ could not find `ElementState` in `glutin`
[INFO] [stdout] 
[INFO] [stdout] 
[INFO] [stdout] error[E0433]: failed to resolve: could not find `VirtualKeyCode` in `glutin`
[INFO] [stdout]   --> src/main.rs:61:114
[INFO] [stdout]    |
[INFO] [stdout] 61 | ...tate::Pressed, _, Some(glium::glutin::VirtualKeyCode::PageUp)) => iter += 5,
[INFO] [stdout]    |                                          ^^^^^^^^^^^^^^ could not find `VirtualKeyCode` in `glutin`
[INFO] [stdout] 
[INFO] [stdout] 
[INFO] [stdout] error[E0433]: failed to resolve: could not find `Event` in `glutin`
[INFO] [stdout]   --> src/main.rs:62:32
[INFO] [stdout]    |
[INFO] [stdout] 62 | ...   glium::glutin::Event::KeyboardInput(glium::glutin::ElementState::Pressed, _, Some(glium::glutin::VirtualKeyCode::PageDown)) => iter...
[INFO] [stdout]    |                      ^^^^^ could not find `Event` in `glutin`
[INFO] [stdout] 
[INFO] [stdout] 
[INFO] [stdout] error[E0433]: failed to resolve: could not find `ElementState` in `glutin`
[INFO] [stdout]   --> src/main.rs:62:68
[INFO] [stdout]    |
[INFO] [stdout] 62 | ...   glium::glutin::Event::KeyboardInput(glium::glutin::ElementState::Pressed, _, Some(glium::glutin::VirtualKeyCode::PageDown)) => iter...
[INFO] [stdout]    |                                                          ^^^^^^^^^^^^ could not find `ElementState` in `glutin`
[INFO] [stdout] 
[INFO] [stdout] 
[INFO] [stdout] error[E0433]: failed to resolve: could not find `VirtualKeyCode` in `glutin`
[INFO] [stdout]   --> src/main.rs:62:114
[INFO] [stdout]    |
[INFO] [stdout] 62 | ...tate::Pressed, _, Some(glium::glutin::VirtualKeyCode::PageDown)) => iter -= 5,
[INFO] [stdout]    |                                          ^^^^^^^^^^^^^^ could not find `VirtualKeyCode` in `glutin`
[INFO] [stdout] 
[INFO] [stdout] 
[INFO] [stdout] error[E0433]: failed to resolve: could not find `Event` in `glutin`
[INFO] [stdout]   --> src/main.rs:63:32
[INFO] [stdout]    |
[INFO] [stdout] 63 | ...   glium::glutin::Event::KeyboardInput(glium::glutin::ElementState::Pressed, _, Some(glium::glutin::VirtualKeyCode::X)) => scale = sca...
[INFO] [stdout]    |                      ^^^^^ could not find `Event` in `glutin`
[INFO] [stdout] 
[INFO] [stdout] 
[INFO] [stdout] error[E0433]: failed to resolve: could not find `ElementState` in `glutin`
[INFO] [stdout]   --> src/main.rs:63:68
[INFO] [stdout]    |
[INFO] [stdout] 63 | ...   glium::glutin::Event::KeyboardInput(glium::glutin::ElementState::Pressed, _, Some(glium::glutin::VirtualKeyCode::X)) => scale = sca...
[INFO] [stdout]    |                                                          ^^^^^^^^^^^^ could not find `ElementState` in `glutin`
[INFO] [stdout] 
[INFO] [stdout] 
[INFO] [stdout] error[E0433]: failed to resolve: could not find `VirtualKeyCode` in `glutin`
[INFO] [stdout]   --> src/main.rs:63:114
[INFO] [stdout]    |
[INFO] [stdout] 63 | ...tate::Pressed, _, Some(glium::glutin::VirtualKeyCode::X)) => scale = scale * 0.9f32,
[INFO] [stdout]    |                                          ^^^^^^^^^^^^^^ could not find `VirtualKeyCode` in `glutin`
[INFO] [stdout] 
[INFO] [stdout] 
[INFO] [stdout] error[E0433]: failed to resolve: could not find `Event` in `glutin`
[INFO] [stdout]   --> src/main.rs:64:32
[INFO] [stdout]    |
[INFO] [stdout] 64 | ...   glium::glutin::Event::KeyboardInput(glium::glutin::ElementState::Pressed, _, Some(glium::glutin::VirtualKeyCode::Z)) => scale = sca...
[INFO] [stdout]    |                      ^^^^^ could not find `Event` in `glutin`
[INFO] [stdout] 
[INFO] [stdout] 
[INFO] [stdout] error[E0433]: failed to resolve: could not find `ElementState` in `glutin`
[INFO] [stdout]   --> src/main.rs:64:68
[INFO] [stdout]    |
[INFO] [stdout] 64 | ...   glium::glutin::Event::KeyboardInput(glium::glutin::ElementState::Pressed, _, Some(glium::glutin::VirtualKeyCode::Z)) => scale = sca...
[INFO] [stdout]    |                                                          ^^^^^^^^^^^^ could not find `ElementState` in `glutin`
[INFO] [stdout] 
[INFO] [stdout] 
[INFO] [stdout] error[E0433]: failed to resolve: could not find `VirtualKeyCode` in `glutin`
[INFO] [stdout]   --> src/main.rs:64:114
[INFO] [stdout]    |
[INFO] [stdout] 64 | ...tate::Pressed, _, Some(glium::glutin::VirtualKeyCode::Z)) => scale = scale / 0.9f32,
[INFO] [stdout]    |                                          ^^^^^^^^^^^^^^ could not find `VirtualKeyCode` in `glutin`
[INFO] [stdout] 
[INFO] [stdout] 
[INFO] [stdout] error[E0433]: failed to resolve: could not find `WindowBuilder` in `glutin`
[INFO] [stdout]   --> src/main.rs:16:34
[INFO] [stdout]    |
[INFO] [stdout] 16 |     let display = glium::glutin::WindowBuilder::new().build_glium().unwrap();
[INFO] [stdout]    |                                  ^^^^^^^^^^^^^ not found in `glium::glutin`
[INFO] [stdout]    |
[INFO] [stdout] help: consider importing this struct
[INFO] [stdout]    |
[INFO] [stdout] 1  | use glium::glutin::window::WindowBuilder;
[INFO] [stdout]    |
[INFO] [stdout] 
[INFO] [stdout] 
[INFO] [stdout] warning: unused import: `Surface`
[INFO] [stdout]   --> src/main.rs:15:31
[INFO] [stdout]    |
[INFO] [stdout] 15 |     use glium::{DisplayBuild, Surface};
[INFO] [stdout]    |                               ^^^^^^^
[INFO] [stdout]    |
[INFO] [stdout]    = note: `#[warn(unused_imports)]` on by default
[INFO] [stdout] 
[INFO] [stdout] 
[INFO] [stdout] error: aborting due to 30 previous errors; 1 warning emitted
[INFO] [stdout] 
[INFO] [stdout] 
[INFO] [stdout] Some errors have detailed explanations: E0432, E0433.
[INFO] [stdout] 
[INFO] [stdout] For more information about an error, try `rustc --explain E0432`.
[INFO] [stdout] 
[INFO] [stderr] error: could not compile `fractal`.
[INFO] [stderr] 
[INFO] [stderr] To learn more, run the command again with --verbose.
[INFO] [stderr] warning: build failed, waiting for other jobs to finish...
[INFO] [stdout] warning: unused import: `Surface`
[INFO] [stdout]   --> src/main.rs:15:31
[INFO] [stdout]    |
[INFO] [stdout] 15 |     use glium::{DisplayBuild, Surface};
[INFO] [stdout]    |                               ^^^^^^^
[INFO] [stdout]    |
[INFO] [stdout]    = note: `#[warn(unused_imports)]` on by default
[INFO] [stdout] 
[INFO] [stdout] 
[INFO] [stdout] error: aborting due to 30 previous errors; 1 warning emitted
[INFO] [stdout] 
[INFO] [stdout] 
[INFO] [stdout] Some errors have detailed explanations: E0432, E0433.
[INFO] [stdout] 
[INFO] [stdout] For more information about an error, try `rustc --explain E0432`.
[INFO] [stdout] 
[INFO] [stderr] error: build failed
[INFO] running `Command { std: "docker" "inspect" "3f0a24cd77a54c4404f9b0da5564c804fb24149e9a5aedc49ec4e560cddcbf2b", kill_on_drop: false }`
[INFO] running `Command { std: "docker" "rm" "-f" "3f0a24cd77a54c4404f9b0da5564c804fb24149e9a5aedc49ec4e560cddcbf2b", kill_on_drop: false }`
[INFO] [stdout] 3f0a24cd77a54c4404f9b0da5564c804fb24149e9a5aedc49ec4e560cddcbf2b
